{"id":23,"date":"2024-12-05T06:53:09","date_gmt":"2024-12-05T06:53:09","guid":{"rendered":"https:\/\/wp.fgs-schlaitdorf.de\/?page_id=23"},"modified":"2025-12-23T15:37:28","modified_gmt":"2025-12-23T15:37:28","slug":"foerderprojekte","status":"publish","type":"page","link":"https:\/\/wp.fgs-schlaitdorf.de\/?page_id=23","title":{"rendered":"Projekte\/Aktionen"},"content":{"rendered":"\n<h2 class=\"wp-block-heading has-vivid-cyan-blue-color has-text-color has-link-color wp-elements-c43412a78d6ced7b231fc7b027159179\"><strong>Wir f\u00fcr unsere Kinder.<\/strong><\/h2>\n\n\n\n<p>Um unseren Kindern einen abwechselungsreichen Schulalltag zu bieten, unterst\u00fctzen wir folgende Aktivit\u00e4ten und Projekte:<\/p>\n\n\n\n<ul class=\"wp-block-list\">\n<li><strong>Selbstbehauptungskurs PowerKids<\/strong>: Jedes Jahr werden ein Grundkurs und ein Auffrischungskurs angeboten.<\/li>\n\n\n\n<li><strong>Neue B\u00fccher f\u00fcr die Schulb\u00fccherei<\/strong>: Nicht nur was Lehrern gef\u00e4llt, sondern vorallem was sich die Sch\u00fcler\/innen w\u00fcnschen, kann hier ausgeliehen werden. Hierzu werden die Sch\u00fcler:innen in regelm\u00e4\u00dfigen Abst\u00e4nden befragt.<\/li>\n\n\n\n<li><strong>Autorenlesungen<\/strong>: F\u00fcr den Fredericktag sucht die Schulleiterin immer nach einem\/r Kinderbuchautor\/in, der oder die den Sch\u00fcler\/innen das Lesen n\u00e4herbringt.<\/li>\n\n\n\n<li><strong>Schlittschuhtag<\/strong><\/li>\n\n\n\n<li><strong>Projektwoche einmal im Jahr<\/strong>: Je nach Projekt, stehen wir unterst\u00fctzend zur Seite.<\/li>\n\n\n\n<li><strong>Klasse 2000<\/strong>, wenn Bedarf besteht<\/li>\n\n\n\n<li><strong>Sommerferienprogramm<\/strong>: 2024 konnten wir viel \u00fcber die Tiere mittenm im Ort lernen.<\/li>\n\n\n\n<li><strong>Streuobstwiesenprojekt<\/strong><\/li>\n<\/ul>\n\n\n\n<p>Damit wir diese und weitere Aktivit\u00e4ten umsetzen k\u00f6nnen, brauchen wir euch! <\/p>\n\n\n\n<p class=\"has-vivid-cyan-blue-color has-text-color has-link-color wp-elements-513c25da68b8bd73f4a53aecd7214837\"><strong>So k\u00f6nnt ihr uns helfen:<\/strong><\/p>\n\n\n\n<ul class=\"wp-block-list\">\n<li>Helfer bei unserem j\u00e4hrlichen Stand auf dem Weihnachtsmarkt in Schlaitdorf<\/li>\n\n\n\n<li>Helfer bei unserem j\u00e4hrlichen Weihnachtsbaumverkauf<\/li>\n\n\n\n<li>Helfer bei der Einschulungsfeier<\/li>\n\n\n\n<li>als Mitglied mit eurem Mitgliedsbeitrag<\/li>\n\n\n\n<li>mit einer Spende<\/li>\n<\/ul>\n","protected":false},"excerpt":{"rendered":"<p>Wir f\u00fcr unsere Kinder. Um unseren Kindern einen abwechselungsreichen Schulalltag zu bieten, unterst\u00fctzen wir folgende Aktivit\u00e4ten und Projekte: Damit wir diese und weitere Aktivit\u00e4ten umsetzen k\u00f6nnen, brauchen wir euch! So k\u00f6nnt ihr uns helfen:<\/p>\n","protected":false},"author":1,"featured_media":0,"parent":0,"menu_order":0,"comment_status":"closed","ping_status":"closed","template":"","meta":{"footnotes":""},"class_list":["post-23","page","type-page","status-publish","hentry"],"yoast_head":"<!-- This site is optimized with the Yoast SEO plugin v26.6 - https:\/\/yoast.com\/wordpress\/plugins\/seo\/ -->\n<title>Projekte\/Aktionen - F\u00f6rderverein<\/title>\n<meta name=\"robots\" content=\"index, follow, max-snippet:-1, max-image-preview:large, max-video-preview:-1\" \/>\n<link rel=\"canonical\" href=\"https:\/\/wp.fgs-schlaitdorf.de\/?page_id=23\" \/>\n<meta property=\"og:locale\" content=\"de_DE\" \/>\n<meta property=\"og:type\" content=\"article\" \/>\n<meta property=\"og:title\" content=\"Projekte\/Aktionen - F\u00f6rderverein\" \/>\n<meta property=\"og:description\" content=\"Wir f\u00fcr unsere Kinder. Um unseren Kindern einen abwechselungsreichen Schulalltag zu bieten, unterst\u00fctzen wir folgende Aktivit\u00e4ten und Projekte: Damit wir diese und weitere Aktivit\u00e4ten umsetzen k\u00f6nnen, brauchen wir euch! So k\u00f6nnt ihr uns helfen:\" \/>\n<meta property=\"og:url\" content=\"https:\/\/wp.fgs-schlaitdorf.de\/?page_id=23\" \/>\n<meta property=\"og:site_name\" content=\"F\u00f6rderverein\" \/>\n<meta property=\"article:modified_time\" content=\"2025-12-23T15:37:28+00:00\" \/>\n<meta name=\"twitter:card\" content=\"summary_large_image\" \/>\n<script type=\"application\/ld+json\" class=\"yoast-schema-graph\">{\"@context\":\"https:\/\/schema.org\",\"@graph\":[{\"@type\":\"WebPage\",\"@id\":\"https:\/\/wp.fgs-schlaitdorf.de\/?page_id=23\",\"url\":\"https:\/\/wp.fgs-schlaitdorf.de\/?page_id=23\",\"name\":\"Projekte\/Aktionen - F\u00f6rderverein\",\"isPartOf\":{\"@id\":\"https:\/\/wp.fgs-schlaitdorf.de\/#website\"},\"datePublished\":\"2024-12-05T06:53:09+00:00\",\"dateModified\":\"2025-12-23T15:37:28+00:00\",\"breadcrumb\":{\"@id\":\"https:\/\/wp.fgs-schlaitdorf.de\/?page_id=23#breadcrumb\"},\"inLanguage\":\"de\",\"potentialAction\":[{\"@type\":\"ReadAction\",\"target\":[\"https:\/\/wp.fgs-schlaitdorf.de\/?page_id=23\"]}]},{\"@type\":\"BreadcrumbList\",\"@id\":\"https:\/\/wp.fgs-schlaitdorf.de\/?page_id=23#breadcrumb\",\"itemListElement\":[{\"@type\":\"ListItem\",\"position\":1,\"name\":\"Startseite\",\"item\":\"https:\/\/wp.fgs-schlaitdorf.de\/\"},{\"@type\":\"ListItem\",\"position\":2,\"name\":\"Projekte\/Aktionen\"}]},{\"@type\":\"WebSite\",\"@id\":\"https:\/\/wp.fgs-schlaitdorf.de\/#website\",\"url\":\"https:\/\/wp.fgs-schlaitdorf.de\/\",\"name\":\"F\u00f6rderverein\",\"description\":\"\",\"potentialAction\":[{\"@type\":\"SearchAction\",\"target\":{\"@type\":\"EntryPoint\",\"urlTemplate\":\"https:\/\/wp.fgs-schlaitdorf.de\/?s={search_term_string}\"},\"query-input\":{\"@type\":\"PropertyValueSpecification\",\"valueRequired\":true,\"valueName\":\"search_term_string\"}}],\"inLanguage\":\"de\"}]}<\/script>\n<!-- \/ Yoast SEO plugin. -->","yoast_head_json":{"title":"Projekte\/Aktionen - F\u00f6rderverein","robots":{"index":"index","follow":"follow","max-snippet":"max-snippet:-1","max-image-preview":"max-image-preview:large","max-video-preview":"max-video-preview:-1"},"canonical":"https:\/\/wp.fgs-schlaitdorf.de\/?page_id=23","og_locale":"de_DE","og_type":"article","og_title":"Projekte\/Aktionen - F\u00f6rderverein","og_description":"Wir f\u00fcr unsere Kinder. Um unseren Kindern einen abwechselungsreichen Schulalltag zu bieten, unterst\u00fctzen wir folgende Aktivit\u00e4ten und Projekte: Damit wir diese und weitere Aktivit\u00e4ten umsetzen k\u00f6nnen, brauchen wir euch! So k\u00f6nnt ihr uns helfen:","og_url":"https:\/\/wp.fgs-schlaitdorf.de\/?page_id=23","og_site_name":"F\u00f6rderverein","article_modified_time":"2025-12-23T15:37:28+00:00","twitter_card":"summary_large_image","schema":{"@context":"https:\/\/schema.org","@graph":[{"@type":"WebPage","@id":"https:\/\/wp.fgs-schlaitdorf.de\/?page_id=23","url":"https:\/\/wp.fgs-schlaitdorf.de\/?page_id=23","name":"Projekte\/Aktionen - F\u00f6rderverein","isPartOf":{"@id":"https:\/\/wp.fgs-schlaitdorf.de\/#website"},"datePublished":"2024-12-05T06:53:09+00:00","dateModified":"2025-12-23T15:37:28+00:00","breadcrumb":{"@id":"https:\/\/wp.fgs-schlaitdorf.de\/?page_id=23#breadcrumb"},"inLanguage":"de","potentialAction":[{"@type":"ReadAction","target":["https:\/\/wp.fgs-schlaitdorf.de\/?page_id=23"]}]},{"@type":"BreadcrumbList","@id":"https:\/\/wp.fgs-schlaitdorf.de\/?page_id=23#breadcrumb","itemListElement":[{"@type":"ListItem","position":1,"name":"Startseite","item":"https:\/\/wp.fgs-schlaitdorf.de\/"},{"@type":"ListItem","position":2,"name":"Projekte\/Aktionen"}]},{"@type":"WebSite","@id":"https:\/\/wp.fgs-schlaitdorf.de\/#website","url":"https:\/\/wp.fgs-schlaitdorf.de\/","name":"F\u00f6rderverein","description":"","potentialAction":[{"@type":"SearchAction","target":{"@type":"EntryPoint","urlTemplate":"https:\/\/wp.fgs-schlaitdorf.de\/?s={search_term_string}"},"query-input":{"@type":"PropertyValueSpecification","valueRequired":true,"valueName":"search_term_string"}}],"inLanguage":"de"}]}},"_links":{"self":[{"href":"https:\/\/wp.fgs-schlaitdorf.de\/index.php?rest_route=\/wp\/v2\/pages\/23","targetHints":{"allow":["GET"]}}],"collection":[{"href":"https:\/\/wp.fgs-schlaitdorf.de\/index.php?rest_route=\/wp\/v2\/pages"}],"about":[{"href":"https:\/\/wp.fgs-schlaitdorf.de\/index.php?rest_route=\/wp\/v2\/types\/page"}],"author":[{"embeddable":true,"href":"https:\/\/wp.fgs-schlaitdorf.de\/index.php?rest_route=\/wp\/v2\/users\/1"}],"replies":[{"embeddable":true,"href":"https:\/\/wp.fgs-schlaitdorf.de\/index.php?rest_route=%2Fwp%2Fv2%2Fcomments&post=23"}],"version-history":[{"count":3,"href":"https:\/\/wp.fgs-schlaitdorf.de\/index.php?rest_route=\/wp\/v2\/pages\/23\/revisions"}],"predecessor-version":[{"id":100,"href":"https:\/\/wp.fgs-schlaitdorf.de\/index.php?rest_route=\/wp\/v2\/pages\/23\/revisions\/100"}],"wp:attachment":[{"href":"https:\/\/wp.fgs-schlaitdorf.de\/index.php?rest_route=%2Fwp%2Fv2%2Fmedia&parent=23"}],"curies":[{"name":"wp","href":"https:\/\/api.w.org\/{rel}","templated":true}]}}